 r - 5 = 0. What is the units digit of l?
2
Let m(t) = -3*t**3 + 5*t**3 + 5*t**3 - t**2 - 6*t**3 - 4. What is the units digit of m(6)?
6
Let u(w) be the second derivative of w**5/20 + 7*w**4/12 - 7*w**3/6 - w**2/2 + 8*w. Let c be u(-8). What is the tens digit of (-85)/(-3) - (-3)/c?
2
Let q(l) = l**3 + 13*l**2 + 12*l - 16. Let z be (4/6)/(-3 + (-485)/(-165)). What is the tens digit of q(z)?
9
What is the units digit of (7 - 1)/(147/19600)?
0
Let u = -21 - -24. Suppose -u*j = -j - 66. What is the tens digit of j?
3
Let n be -4*3/(-24) + 18/4. Suppose u + 236 = n*u. What is the units digit of u?
9
Suppose -5*v - 15 = -4*t, -2*t - t - 15 = 5*v. Suppose b + b - 290 = t. What is the units digit of (2*b)/5 - -3?
1
What is the tens digit of (-14650)/(-20) + 21/(-6)?
2
Let u(h) = 22*h**2 - 10*h + 37. What is the tens digit of u(8)?
6
Suppose 0 = 4*g - 3*u - 10, 2*g + 4 = -0*u - 3*u. Let m be (1/(g/62))/2. Let p = 60 - m. What is the tens digit of p?
2
Let f(z) = 3*z**3 - 8*z**2 + 13*z - 52. What is the hundreds digit of f(6)?
3
Let z = 420 - 96. Suppose 0 = 8*g - z - 156. What is the tens digit of g?
6
Let j(v) = -v**2 + 9*v - 8. Let m(w) = 7 + 0 - w**3 + 6*w**2 - 1. Let z be m(6). What is the units digit of j(z)?
0
Let r = 48 - 53. What is the tens digit of 6*((-9)/(-3) - r)?
4
Let g(n) = -7*n - 20. Let a = -27 - -21. What is the units digit of g(a)?
2
Let m(d) be the third derivative of 23*d**4/24 - d**3/2 + 2*d**2. Let v(y) = -y**3 + 7*y**2 - 9*y - 4. Let j be v(5). What is the tens digit of m(j)?
2
Let q be (-110)/(3/((1 + 2)*1)). What is the hundreds digit of (-4)/6*(-6 + 3) - q?
1
Suppose 3*c = -3 + 33. Let l(j) = 7*j - 3. Let q be l(1). Suppose -c = q*t - 82. What is the units digit of t?
8
Let a(f) = -f**3 + 8*f**2 - 14. Let m be a(-9). Suppose -5*v = -127 - m. What is the units digit of v?
8
Let n be (-72)/6 + (-1 - -1). Let o be (n/(-18))/((-1)/9). What is the units digit of -10*(-4)/(-6)*o?
0
Suppose 0 = 3*j - 3*f, -f = 2*f - 12. Suppose j*g - g = 0. Suppose -5*s + g*s = -120. What is the tens digit of s?
2
Suppose -13*r + 83153 = 22729. What is the tens digit of r?
4
Suppose 0 = 76*g - 71*g - 1590. Let k = -101 + g. What is the hundreds digit of k?
2
Suppose -4*n - 4*a - 24 + 88 = 0, -5*n + 80 = 2*a. Let b = n + -24. Let x = -6 - b. What is the units digit of x?
2
Let c(j) be the second derivative of 7*j**4/4 - 4*j**3/3 - 7*j**2/2 + 41*j. What is the hundreds digit of c(-3)?
2
Let m = -388 - -2153. What is the hundreds digit of m?
7
Let q = -175 - -298. Suppose 182 = p + o, -4*p - 3*o + 4*o + 728 = 0. Let v = p - q. What is the tens digit of v?
5
Let a(b) = 47*b - 14. What is the units digit of a(4)?
4
Let h = 80 - 82. What is the tens digit of h/(-8) + 478/8?
6
Let t(n) = n**3 + 3*n**2 - 3*n + 17. Let a be t(-7). Let o = 242 + a. What is the tens digit of o?
8
Suppose -43*j = -59119 - 37287. What is the hundreds digit of j?
2
Suppose 3*s - c = -29, 3*s + 0*c = 2*c - 34. Let k(y) = y**3 + 8*y**2 - 3*y - 12. Let p be k(s). Let i = p + 25. What is the units digit of i?
7
Let m(u) = 2411*u**2 + 4. What is the units digit of m(-1)?
5
Suppose -z - 4*s + 8 = -3*s, -z + 3*s = 8. Suppose -4*g = z*i - 44, 5*i = 4*g - 13 - 4. Suppose 5*q + 42 = g*q. What is the tens digit of q?
1
Let l = -21 - -179. What is the tens digit of l?
5
Let p(l) = 4*l. Let w be p(-4). What is the tens digit of 13/(w/6 + 3)?
3
Let k(u) = u**2 - 2*u + 7. Let c be k(4). Let l(o) = o**2 - 16*o + 10. Let f be l(c). Let v(i) = -3*i - 10. What is the units digit of v(f)?
5
Let r = -15 + 18. Suppose m = -r*m - 48. What is the units digit of -2*(1 + m + 1)?
0
Suppose 17090 = 5*z + 4*d, -2*z = -2*d - 4100 - 2736. What is the thousands digit of z?
3
Let u = -52 + 61. Suppose u*n - 12*n + 132 = 0. What is the tens digit of n?
4
Let y = -4249 + 9108. What is the thousands digit of y?
4
Suppose -19 = -2*o - 5*a, 3*o - 3*a = -4 + 1. Suppose o*l + 2*l - 2*i = 594, 3*l = 4*i + 448. What is the tens digit of l?
4
Let g = -129 + 131. Suppose 0 = -5*j - g*s + 970, 2*j - 2*s = -21 + 423. What is the units digit of j?
6
Let d(u) = 31*u - 90. What is the hundreds digit of d(13)?
3
Let d(r) = -r**2 + 6*r + 4. Let l be d(6). Suppose 2*k + 2 = -3*o, -2*k + 3*k - l*o = -23. What is the tens digit of (-136)/(-6) - k/21?
2
Suppose 41 + 1 = a. Let c be (-48)/(-60)*(-2)/(2/35). Let w = a + c. What is the units digit of w?
4
Suppose -52*u = -31*u - 3003. What is the units digit of u?
3
Let m(l) = 12*l**2 - 4. Suppose 4*c + 97 - 113 = 0. What is the units digit of m(c)?
8
Let j = 32 - 28. Suppose 3963 = -5*m + 3*c, j*m - c = c - 3172. What is the tens digit of 1/(m/(-198) - 4)?
6
Suppose 8*s + 6 = 9*s. Let d(q) = q - 6. Let i(g) = -g + 1. Let y(t) = d(t) - 2*i(t). What is the units digit of y(s)?
0
Suppose -5*t = 2*d + 61, 12 = -5*t + t. Let m = -12 - d. What is the tens digit of m?
1
Let p(y) = y**2 - 2*y - 4. Let j(w) = -w**3 - w**2 - 1. Let s be j(-2). Suppose 24 = s*d + 3. What is the units digit of p(d)?
1
Suppose -6*p = 1400 - 4076. What is the units digit of p?
6
Suppose 63*p = 56*p + 658. What is the units digit of p?
4
What is the tens digit of 1 + 1643/4 - 49/(-196)?
1
Let l = 337 - 89. What is the units digit of l?
8
Suppose 5*y = -8*j + 13*j + 9295, 0 = -5*y + 2*j + 9301. What is the units digit of y?
1
Let f(a) = a**3 + 19*a + 125. What is the tens digit of f(15)?
8
Let z be (-6)/(-12) - 3/(-2). Let v be ((-2384)/20)/(z/(-10)). What is the tens digit of 1/5 + v/20?
3
Let i = -905 - -1297. What is the tens digit of i?
9
Let o(k) = k**2 + 8*k - 10. Let z be o(-9). Let n(r) be the first derivative of 74*r**3/3 + r**2/2 + r + 19. What is the tens digit of n(z)?
7
Suppose -s = -5*k - 20, 0*s - 4*k = -4*s + 16. Suppose 0 = -s*r + 6*r - 42. What is the units digit of r?
7
Let w(d) = -3*d**3 - 11*d**2 + 5*d + 46. Let p(m) = m**3 + 4*m**2 - 2*m - 15. Let y(b) = 8*p(b) + 3*w(b). What is the tens digit of y(0)?
1
Let y(n) = 21*n**3. Let f = 16 + -12. Suppose f = p + 3. What is the units digit of y(p)?
1
What is the tens digit of 2 + 277 - 3*24/18?
7
Let l be ((-8)/10)/((-1)/320). Let m = 89 + l. What is the tens digit of m/12 - (-2)/8?
2
Suppose 5*g + 5 = -70. Suppose -37 = -3*d - k, -d - 4*k + 3 = -2. Let b = d - g. What is the units digit of b?
8
Let x(n) = -2*n + 19 + n - 4. Let s be x(12). Suppose 0 = -2*a - s*a + 65. What is the tens digit of a?
1
Suppose -3 = -d + 1. Suppose z - 30 = -n, 6*n + 134 = d*z + 3*n. Suppose 6*r = 2*r + z. What is the units digit of r?
8
Let t be (4112/(-12))/(-4) - 6/9. Let g = 129 - t. What is the units digit of g?
4
What is the tens digit of 0 + -3 - (8 + -547)?
3
What is the tens digit of -11 + 15 - -1*669?
7
Let o(m) = m**3 - 2*m**2 - 9*m + 1. Let i be o(6). Suppose 98*w - 102*w + 20 = 0, -5*y - 5*w + 160 = 0. Let n = i - y. What is the tens digit of n?
6
What is the tens digit of (9 - 6) + 109 - -6?
1
Suppose 0 = -59*a + 106600 + 13996. What is the thousands digit of a?
2
Let z = 0 + 3. Let s(w) = -w**3 - 22*w**2 + 22*w - 2. Let l be s(-23). Suppose 0 = -z*j + l + 48. What is the units digit of j?
3
Let b(p) = p**2 + 5*p - 9. Let f be (-20)/(-1 - -6) + (1 - 4). What is the units digit of b(f)?
5
Suppose 0 = -3*c + 4*c - 4. Suppose 4*r + 4*h = 40 + c, -5*r + 2*h + 90 = 0. What is the tens digit of r?
1
Suppose -5*y = -19 - 1. Suppose -y*i + 23 = -305. What is the tens digit of i?
8
Let d = 359 + 89. What is the units digit of d?
8
Let d be -62*(4 + 0 - 3). Let m = d - -93. What is the units digit of m?
1
Let h = -73 + 75. What is the units digit of (-6 - -9)*((1 - -12) + h)?
5
Let l be ((-3)/2)/((-24)/32). Suppose l*f = -0*f + 6, 3*v - 3 = -f. Suppose v*j - 28 = -2*j. What is the tens digit of j?
1
Suppose d + 3*l = -0*d + 291, d + 2*l - 290 = 0. What is the tens digit of d?
8
Let t(z) = 8*z**2 - 2*z - 2 - 5 + 5 + 1. What is the tens digit of t(4)?
1
Suppose 4*f - 2*y - 10 + 0 = 0, -f + 4*y + 6 = 0. Let z be 0/(f - 1)*1. Suppose z = 5*g - q - 66, 2*g - 2*q = 4*g - 24. What is the tens digit of g?
1
Let m(f) = -f**3 - 8*f**2 - 5*f - 12. What is the hundreds digit of m(-9)?
1
Let l = -193 - -599. What is the hundreds digit of l?
4
Let d be -4 - (14/(-4))/(10/(-40)). Let y = 25 - d. What is the tens digit of y?
4
Let h = 0 - -3. Let d(i) = -i**3 + 2*i**2 + 5*i - 3